 remainder when t is divided by 3?
2
Suppose 3*p - 30 = 24. Let i(s) = 53*s**2 + s. Calculate the remainder when i(-1) is divided by p.
16
Suppose -51 = -6*x + 3*x. Calculate the remainder when 48 is divided by x.
14
Let j(v) = 2*v**2 + v + 6. Let r(x) = 2*x**2 + x + 7. Let w(a) = 5*j(a) - 4*r(a). Calculate the remainder when w(-2) is divided by 3.
2
Suppose -6*s + 7*s - 52 = 0. Calculate the remainder when s is divided by 19.
14
Let i be 291/(-18) + (-2)/(-12). Let m = i + 28. Calculate the remainder when 46 is divided by m.
10
Let v = 38 + -8. Suppose -o - v = -3*o. Calculate the remainder when o is divided by (-23)/(-3) + 2/6.
7
Suppose 3*c - s = -4*s + 27, 4*c = 5*s. Calculate the remainder when 16 is divided by c.
1
Let h = 7 - 2. Let a(p) = -p - 1. Let o(q) = 3*q - 6. Let b(y) = -4*a(y) - o(y). Calculate the remainder when h is divided by b(-7).
2
Let y = -85 + 135. Calculate the remainder when y is divided by 13.
11
What is the remainder when 48 is divided by (-6)/((4/(-4))/((-5)/(-3)))?
8
Let o(k) = -4*k - 3. Let h(q) = 2*q**2 - 5*q + 1. What is the remainder when h(4) is divided by o(-2)?
3
Suppose -c + 5*w = -20, -w - 10 = -5*c - 6*w. Suppose 6*b - 2*b + 4 = 4*p, -2*p - c*b + 37 = 0. What is the remainder when 22 is divided by p?
4
Let o(s) = s - 2. Suppose 8*z = 4*z + 24. What is the remainder when o(z) is divided by 4?
0
Let o = 20 + -18. Let n(a) = -11*a**2 + a - 2. Let k(u) = 21*u**2 - 2*u + 4. Let v(g) = 3*k(g) + 5*n(g). Calculate the remainder when v(o) is divided by 11.
10
Suppose -2*m + 2 = -2*o + 8, -5*o + m - 1 = 0. What is the remainder when (-3 + 0)/(o/11) is divided by 9?
6
Let b(c) = c**3 - c**2 - 2*c. What is the remainder when (-1)/(-2) - 67/(-2) is divided by b(3)?
10
Let g(u) = u**3 + 9*u**2 + 8*u + 13. What is the remainder when g(-7) is divided by 12?
7
Let b be (-2)/(-9) - 331/(-9). Suppose -b + 105 = 4*x. Let s(o) = 2*o**3 + 17*o**2 + 3*o - 8. Calculate the remainder when s(-8) is divided by x.
15
Suppose 0 = 4*u - 4*b - 68, 5*u + 3*b - 2 = 83. Calculate the remainder when 46 is divided by u.
12
Suppose 4 = q + u, 0 = 3*q - q + u - 10. Let r = -5 - -8. What is the remainder when (-6)/(-12)*(0 + q) is divided by r?
0
Let x(v) = 4*v**3 - 2*v**2 - v + 3. Let s be x(-2). Calculate the remainder when 9 is divided by 6/4 + s/(-10).
4
Let o = 79 + -66. Calculate the remainder when 126 is divided by o.
9
Suppose -x - 4*x + 95 = 0. Let g be (12/(-1) - 0)*1. Let h = 67 + g. Calculate the remainder when h is divided by x.
17
Suppose 3*j - 72 = 3. Let r be (-5)/(-2)*(-4)/(-5). What is the remainder when j is divided by 2/1*9/r?
7
Suppose -96 = -0*m - 2*m. Calculate the remainder when m is divided by 13.
9
Suppose 5*a - a = 0. Suppose a = l + l - 42. Suppose 0 = -14*f + 17*f - 18. Calculate the remainder when l is divided by f.
3
Let u = -14 - -53. Calculate the remainder when u is divided by 7.
4
Suppose -4*r = -178 + 138. Calculate the remainder when r is divided by 9.
1
Suppose 0 = -f - f - 8, 5*c = 3*f + 32. Suppose -q + c*q + 9 = 0. What is the remainder when ((-94)/q)/(4/6) is divided by 16?
15
Let w = 240 - 120. Calculate the remainder when w is divided by 31.
27
Let d(r) = -r - 3. Let m be d(-5). Let t be (12/(-8))/(m/(-24)). Calculate the remainder when 21 is divided by 6/(-27) + 202/t.
10
Let y(z) = z**2 - 9*z - 8. Calculate the remainder when y(11) is divided by 9.
5
Let v be 0/(-1 + 0) + -2. Let d(w) = w**2 + 2*w + 2. Calculate the remainder when d(v) is divided by 2.
0
Suppose 28 = -p + 5*p. Suppose 0 = -4*y + p*y - 24. What is the remainder when 31 is divided by y?
7
Suppose 3*k - 3 = 0, 2*p + 0*k - 38 = 2*k. Suppose -p = 4*w, -d + w + 9 + 12 = 0. What is the remainder when 61 is divided by d?
13
Suppose 3*v - 115 = 38. Calculate the remainder when v is divided by 11.
7
Suppose 0 = -n + 3 + 1. Let w(v) = 8*v - 1. What is the remainder when w(1) is divided by n?
3
Let v(m) = m**3 - m**2 + 99. Let d be v(0). Suppose 3*c - 2*q = 4*c - 33, 2*q - d = -3*c. What is the remainder when c is divided by 17?
16
Suppose -5*z + 4*z = -6. Calculate the remainder when z is divided by 3.
0
Let x(r) = 8*r**2 + 4*r + 5. Calculate the remainder when x(-4) is divided by 24.
21
Suppose -13*j = -6*j - 91. What is the remainder when j is divided by 1*(-1 + 6) + 0?
3
Let t(f) = -4*f + 5. Calculate the remainder when t(-7) is divided by 18.
15
Let m be ((-2)/(-4))/(10/20). Let n = 77 - m. Suppose -5*a = 4*y + y - 85, -2*y - n = -3*a. What is the remainder when a is divided by 12?
10
Suppose -3*h + 52 = 1. What is the remainder when 50 is divided by h?
16
Calculate the remainder when (-2 - -2) + (0 - -86) is divided by (7/(-2))/7*-58.
28
Let k(d) = d**2 - 4*d + 14. Calculate the remainder when k(6) is divided by 14.
12
Let n = -65 + 111. Calculate the remainder when n is divided by 25.
21
Let k be 10 - (1 - (0 - 0)). Let f be ((-3)/k)/((-1)/15). Suppose f*m - 3*m = -4*q + 52, -2*q + 26 = -5*m. Calculate the remainder when 37 is divided by q.
11
Let a be 0*(0 - (-2 + 1)). Suppose 19 = i - 3*z, -4*i + a*z + z = -87. Calculate the remainder when 41 is divided by i.
19
Suppose 5*j = j. Let t = 5 - j. Let i = 16 - 8. Calculate the remainder when i is divided by t.
3
Suppose b - 2*w = 24, -3*w + 13 = 4*b - 2*b. Calculate the remainder when 333/5 - (-2)/5 is divided by b.
11
Suppose 0 = -6*q + 3*q - 78. Let s = 72 + q. Calculate the remainder when s is divided by 16.
14
Suppose -3*p + 209 = 47. What is the remainder when p is divided by 28?
26
Suppose 2*c = 4*c - 6. Calculate the remainder when 6 - c - 3/(-1) is divided by 4.
2
Suppose -m - 12 = m. Calculate the remainder when 54*1*(-3)/m is divided by 14.
13
Let h(j) = -j**3 + 6*j**2 - 2*j - 4. Calculate the remainder when 36 is divided by h(4).
16
Suppose 0*x = 3*x - 63. Calculate the remainder when 83 is divided by x.
20
Suppose 0 = k - 1, 0 = -i - 0*i + 4*k - 1. Suppose -i*f + 28 = 5*b, -2*f + 7 = -2*b + 3*b. What is the remainder when 7 is divided by b?
2
What is the remainder when (-11 - -128)/((0 + 2)/2) is divided by 12?
9
Let k be (-1)/5 + (-31)/(-5). Let u = 11 - k. Calculate the remainder when (u - (1 - -1)) + 3 is divided by 4.
2
Let s = -49 + 98. What is the remainder when s is divided by 25?
24
Let k = 3 + -3. Suppose k = -4*o - u + 5, 2*o + 5*u = -o - 9. Suppose -2*f - f = o*z - 6, -5*z - 15 = 0. Calculate the remainder when 11 is divided by f.
3
Suppose -11 = -4*d + 53. Suppose 3*h = u - d, 56 = u + 3*u - 4*h. Let k(a) = -a**2 - 12*a - 4. What is the remainder when u is divided by k(-11)?
6
Let k(w) = 5*w**2 + 2*w + 1. Let l be k(2). Suppose l = 3*r - 20. Calculate the remainder when r is divided by 4.
3
Let z(s) = -s**3 - 6*s**2 - 3*s. Let w(g) = -3*g + 6. Let n be w(4). Let q be z(n). Let c = 31 - q. Calculate the remainder when c is divided by 5.
3
Let b(p) = p - 7. Let c be b(-11). Calculate the remainder when (68/(-12))/(2/c) is divided by 18.
15
Suppose 15 = 6*m - m. Let f(x) = x - 1. Let o be f(m). Suppose -5*q = -q + 4, 3*b - o*q = 68. Calculate the remainder when b is divided by 12.
10
Calculate the remainder when (-2)/((8/14)/(-4)) is divided by (2*(-15)/6)/(-1).
4
Let y be 21/(-15) + 3/(-5). Let i be (y + -3)*(-54)/(-15). Calculate the remainder when 34 is divided by i/((-21)/6 - -2).
10
Suppose m - 2 = 4. Calculate the remainder when 23 is divided by m.
5
Let w(s) = 172*s + 3. What is the remainder when w(1) is divided by 16?
15
Let r = -40 - -58. Calculate the remainder when 70 is divided by r.
16
Suppose -4*v + 36 = -d + 5*d, 4*v - 28 = -2*d. Calculate the remainder when 8 is divided by d.
0
Suppose -3 = 2*j + 3. Suppose -2*q + t + 31 = 0, -q + 4*t = t - 23. What is the remainder when q is divided by 50/6 + j/9?
6
Let j(g) = 27*g + 1. Let n(w) = -w + 12. Let b be n(10). Calculate the remainder when j(b) is divided by 14.
13
Let m be 17 + (0 - 1)*3. Suppose -i + 8 + m = 0. What is the remainder when 87 is divided by i?
21
Suppose -8*o + 80 = -3*o. Suppose 5 = -4*g + 29. Calculate the remainder when o is divided by g.
4
Suppose -2*w = -5*w + 4*m + 196, 2*m = 4*w - 248. Suppose 0 = -4*s - 0*s + w. Let o(v) = -3*v - 11. Calculate the remainder when o(-13) is divided by s.
13
Suppose 4*c = 3*v - 82, -3*v + 2*v = 4*c - 54. What is the remainder when 66 is divided b